 -2238. Calculate the highest common divisor of 53 and l.
53
Let y(l) = 3*l**2 + 16*l + 32. Let o be y(-16). What is the greatest common divisor of o and 68?
68
Suppose 70 = 3*s + g, 0 = -2*s - 3*g + 5*g + 60. Let f = s - -8. What is the highest common factor of 33 and f?
33
Let k be (124/8)/((-3)/6 - -1). Suppose 3*g = 139 - k. Suppose -5*z - 31 = -301. What is the greatest common factor of g and z?
18
Let k(f) = 165*f**2 + 22*f + 94. Let t be k(-3). What is the highest common divisor of t and 17?
17
Let g(o) be the first derivative of o**2/2 - 19*o + 12. Let k be g(-13). Let a = -24 - k. What is the highest common divisor of a and 16?
8
Let v = -196 - -15. Let z be (3 - (1 + v)) + 4. What is the highest common factor of 17 and z?
17
Suppose 18 = 2*j - 2. Let o(w) = w**3 + 9*w**2 - 5*w + 6. Let x be (-4)/(-3) + (-140)/15. Let s be o(x). What is the greatest common factor of j and s?
10
Let b be (-15)/(6*6/(-1344)). Calculate the greatest common divisor of b and 448.
112
Let j(w) = -17*w - 9. Let o be j(-2). Suppose -20*p + o*p = 120. Suppose 2 = b - 6. What is the greatest common divisor of p and b?
8
Let d be (-99)/(-15) + (-4)/(-10). Let p(c) = c**3 - 7*c**2 + c + 5. Let t be p(d). What is the highest common divisor of 84 and t?
12
Let l be (-1218)/(-9) - 1/3. What is the greatest common divisor of 36 and l?
9
Suppose 6*p - 244 = 206. Calculate the greatest common divisor of 60 and p.
15
Let s be 152/16 + (-10)/(-20). Calculate the greatest common factor of s and 10.
10
Let v = -109 - -126. Calculate the greatest common factor of 391 and v.
17
Suppose 30 = 5*p + 5*h - 10*h, 0 = 5*p + h - 6. Let f be (-4)/5 - 104/(-5). What is the greatest common factor of p and f?
2
Suppose 5*p - 112 = p. Suppose -2*t = 6, -k + 2*t + 11 - 3 = 0. Calculate the greatest common factor of p and k.
2
Let r be 8*-4*4/(-2). Let w = -5808 + 5824. Calculate the highest common divisor of r and w.
16
Suppose -313 = 5*d + 2*l, -4*l + 11 = -d - 56. Let i = -51 - d. Calculate the greatest common divisor of i and 96.
12
Let a be 5*(-14)/525 - (-2648)/60. What is the greatest common divisor of 1034 and a?
22
Let o be -2 + 4 - (-16)/(-6)*-3. What is the highest common divisor of o and 270?
10
Let b be (-30)/(-3)*2/4. Suppose 94 = b*q - 3*y + 2*y, 4*y = -q + 23. What is the greatest common factor of q and 19?
19
Let s be 1460/9 - (-6)/(-27). Suppose 7*h = 11*h - 48. Let m be 4 + h + 3 - 1. Calculate the highest common divisor of s and m.
18
Let q = -1162 + 1220. What is the greatest common factor of 2 and q?
2
Suppose -1115*x + 1112*x = -24. What is the highest common divisor of 824 and x?
8
Let u be ((-6)/(-5))/(9/30). What is the greatest common factor of u and 20?
4
Let o(p) = p**3 + 4*p**2 + 2*p + 12. Let k be o(-4). Suppose -53 = -k*f - 2*q + 125, -4*f = -3*q - 153. What is the greatest common divisor of 336 and f?
42
Suppose -1229 = -9*b + 355. What is the highest common divisor of 22 and b?
22
Let s(w) be the second derivative of w**5/20 - w**4/6 - w**3 - w**2 - 18*w. Let i be s(4). Calculate the greatest common factor of 3 and i.
3
Let l be (-2)/3 - (-8)/3. Suppose l*t - 23 = 25. Let z(r) = 11*r + 76. Let g be z(4). What is the highest common factor of g and t?
24
Let i = 150 + -120. Let n be -5*(-54)/i*2. Calculate the highest common divisor of 9 and n.
9
Suppose 0 = x + 3*z + 3, -6*x = -2*x + 2*z + 2. Let r be 237 - (x/4 - -4). Let p = 329 - r. What is the greatest common factor of 12 and p?
12
Let q = 86 + -47. Let d(k) = -k - 5*k + 7 + 4*k + k. Let v be d(-6). Calculate the greatest common divisor of v and q.
13
Let m = -4 - -44. Suppose d = -m + 61. Calculate the greatest common factor of d and 147.
21
Let g be (-1)/2 + (-3)/2. Let x(r) = -73*r + 1. Let q be x(g). Let k be 1/(14 + -7 - (-146)/(-21)). What is the highest common factor of k and q?
21
Let p(u) = u**3 + 7*u**2 + 11. Let h be p(-5). Suppose 3*n - 250 = -h. Calculate the highest common factor of n and 9.
9
Suppose -3*v + 5*a + 20 = 8, 4*v = -4*a + 16. Suppose v*b + 26 = 5*b. What is the highest common factor of 26 and b?
26
Suppose -4*m = 5*i - 660 - 3259, 5*m - 5 = 0. What is the highest common divisor of i and 18?
9
Let a(d) = 3*d - 25. Let n be a(9). Let v be 410/20 + (-3)/n*-1. Let u(o) = o**2 - o - 1. Let l be u(4). What is the highest common factor of l and v?
11
Let p(d) = 33*d**2 + 11*d + 11. Let o be p(-1). Suppose -o = 8*x - 305. What is the greatest common factor of x and 306?
34
Let x(z) = -z**2 + 10*z + 29. Let a be x(8). Suppose -1 = -0*k + k. Let u be -18*2/4*k. What is the greatest common factor of a and u?
9
Let q(v) = 3*v**2 + 9*v + 9. Let n be q(-3). Let b(f) = 2*f**2 + 13*f - 6. Let h be b(-7). Calculate the highest common factor of h and n.
1
Let r = -744 + 803. What is the greatest common divisor of 531 and r?
59
Let c = -835 + 1077. Calculate the highest common divisor of c and 110.
22
Let g be (246/9 + 1)*24. Suppose 14*x - g = 9*x. What is the highest common factor of 17 and x?
17
Let d(q) be the second derivative of -q**3/6 + 15*q**2/2 + 2*q. Let z = -93 + 104. Let s be d(z). What is the greatest common factor of 8 and s?
4
Suppose -5*k - 400 = -10*k. Let j(c) = c**2 - c - 7. Let s be j(-6). Let l = s - 19. What is the highest common factor of k and l?
16
Let p = 333 - 306. Calculate the highest common factor of 207 and p.
9
Let c be (-2)/9 - 195/(-27). Let z = 21 - c. Calculate the greatest common factor of 35 and z.
7
Suppose -6*q + 2*k = -5*q - 367, 2*q + 4*k = 710. What is the highest common factor of q and 19?
19
Suppose 0 = -2*f + 3*f - 1, 5*l + 2*f = -53. Let h be 18*6/(-12)*l. What is the highest common factor of 18 and h?
9
Suppose -x = -k - 3*k - 17, -4*x - 37 = 5*k. Let b = 1 - x. Suppose -o = b*i - 52, -2*i + 2*o + 0*o = -16. Calculate the greatest common divisor of i and 12.
12
Let r = 6 - 0. Let z(p) = -5*p**2 - 9*p**3 + 8*p**3 + 20 - 21 - 3*p - 4*p. Let i be z(-3). Calculate the highest common divisor of i and r.
2
Suppose -2*m + 5 = 13. Let n = 35 - m. Calculate the greatest common divisor of n and 78.
39
Suppose 84*o - 20088 = 12*o. Calculate the highest common divisor of o and 93.
93
Suppose -3*i + 83 + 25 = 0. Suppose -r + 4*q + 40 = r, -r + 15 = -q. Let b = i - r. What is the greatest common divisor of 104 and b?
26
Let j(f) = -f**2 - 4*f + 9. Let s be j(3). Let y be (s/10)/((15/(-50))/1). What is the greatest common factor of 1 and y?
1
Suppose -49 - 11 = -2*r. Let k be (-390)/(-4)*24/r. Let p(c) = 6*c - 47. Let l be p(10). What is the highest common divisor of k and l?
13
Let q = 180 + -153. What is the greatest common divisor of q and 189?
27
Suppose 0 = 5*k - 8*k. Suppose -4*s + 5*i = -945, k = -s - s + 5*i + 465. Suppose 5*o = 990 - s. What is the highest common divisor of o and 15?
15
Let b = 211 - 141. Suppose 4*s = -s - h + 139, 5*s = 4*h + 144. What is the greatest common divisor of b and s?
14
Let m(i) be the second derivative of -i**4/12 - 4*i**3/3 - 2*i**2 - 13*i. Let n = -3 - 2. Let v be m(n). What is the highest common divisor of 11 and v?
11
Suppose -5*j - 27 = 23. Let i = 6 - j. What is the greatest common divisor of i and 40?
8
Let t = -115 + 197. Suppose -4*p - t = -322. Let o(r) = 11*r - 172. Let z be o(17). What is the greatest common factor of z and p?
15
Suppose 12*i - 27 = 3*i. Suppose -5 = x, -15*x + 12*x - 33 = -i*d. What is the greatest common factor of d and 8?
2
Let y be 1 - (-2)/(2 + 0). Suppose -y*r + 0*r = -264. Suppose -4*l - r = -7*l. What is the greatest common factor of 11 and l?
11
Let v(k) = -11 + 6*k**2 - 6*k - 3*k**2 - 2*k**2. Let j be v(8). Calculate the highest common divisor of j and 40.
5
Suppose 0 = -3*k - 5*m + 16, 2 = -k - 2*m + 8. Let b be 1*22 - (1 + -1). Let x be b - ((k - 2) + 2). Calculate the highest common factor of x and 50.
10
Let o = -11 - -14. Let h be (-2 + 5)/(o/3). Let w(n) = 2*n**3 - 2*n**2 - 6*n - 2. Let q be w(h). What is the highest common divisor of 8 and q?
8
Suppose -c + 15 = -4*c. Let y be ((-104)/(-10))/((-2)/c). Suppose -4*j + 46 = -58. What is the greatest common divisor of j and y?
26
Let l be 17 - (-1)/(-4)*8/(-2). Suppose -42 = -3*t + l. What is the greatest common factor of 5 and t?
5
Let u(m) be the first derivative of 3*m**2 - 10*m + 2. Let h be u(4). What is the highest comm